 = -u**2 - 274*u - 18478. Calculate n(-153).
35
Let m(h) = h**3 - 7*h**2 - 57*h - 13. What is m(-6)?
-139
Let r(d) = -d**3 - 21*d**2 + 9*d + 183. Give r(-21).
-6
Let h(z) = -z**3 - 45*z**2 - 320*z + 2509. Calculate h(-33).
1
Let r(y) = -11*y - 110. What is r(-4)?
-66
Let n(q) = 3*q**2 + 21*q + 55. Calculate n(-6).
37
Let v(k) = -2*k + 53. Give v(17).
19
Let d(c) = 3*c - 81. Determine d(33).
18
Let c(u) = -7*u**3 - 38*u**2 - 11*u + 6. What is c(-5)?
-14
Let s(l) = l**3 + 3*l**2 - 4*l + 4. What is s(-4)?
4
Let x(r) = -r**3 + 9*r**2 - 8*r - 29. Give x(6).
31
Let q(m) = 258*m - 1546. What is q(6)?
2
Let p(m) = 2*m**2 - 124*m - 2130. What is p(76)?
-2
Let d(f) = 137*f - 541. Determine d(6).
281
Let z(q) = q**2 + 111*q + 1282. Determine z(-13).
8
Let n(m) = m**2 - 380*m - 1931. Calculate n(-5).
-6
Let k(s) = 78*s + 5893. Determine k(-76).
-35
Let u(v) = -3*v**3 - 35*v**2 - 11*v - 33. Determine u(-11).
-154
Let m(p) = -p**2 - 186*p - 4532. Give m(-157).
21
Let a(r) = 67*r - 8774. Calculate a(131).
3
Let x(q) = -2*q**2 - 125*q + 183. Give x(-64).
-9
Let i(m) = m**2 + 92*m + 1508. What is i(-21)?
17
Let j(b) = b**2 - 17*b + 70. Give j(5).
10
Let j(m) = 4*m**2 - 756*m + 1466. What is j(187)?
-30
Let d(l) = -237*l**2 - 20*l + 21. Determine d(1).
-236
Let p(s) = 2*s**2 - 31*s - 36. Give p(24).
372
Let p(u) = -21*u**2 + 25*u + 26. Determine p(-1).
-20
Let o(i) = -2*i**3 - 3*i**2 - 16*i - 16. Determine o(-4).
128
Let w(d) = -167*d - 3664. Determine w(-22).
10
Let c(r) = 2*r**2 - 142*r - 1081. Calculate c(-7).
11
Let r(t) = -13366*t - 106945. Give r(-8).
-17
Let r(y) = -y**3 - 15*y**2 + 131*y + 32. What is r(-21)?
-73
Let s(d) = -d**3 + 77*d**2 - 42*d + 3258. Determine s(77).
24
Let z(d) = d**3 + 4*d**2 - 2*d - 117. Give z(-4).
-109
Let t(m) = -m**3 + 7*m**2 + 163*m + 180. What is t(-9)?
9
Let q(u) = u**2 - 17*u - 37. What is q(19)?
1
Let r(t) = 237*t + 70380. Determine r(-297).
-9
Let u(a) = a**2 - 15*a - 18. Calculate u(0).
-18
Let t(b) = 3*b**2 + 14*b + 111. Give t(-6).
135
Let m(u) = u**3 + 2*u**2 + 174*u + 1121. Determine m(-6).
-67
Let s(l) = 13091*l + 26173. Give s(-2).
-9
Let o(d) = d**2 - 41*d + 54. Calculate o(37).
-94
Let b(r) = -69*r**3 - 3*r**2 + 5*r + 4. What is b(-1)?
65
Let o(s) = s**3 + 24*s**2 - 63*s - 87. What is o(-25)?
863
Let d(j) = j**3 + 6*j**2 + 5*j - 11. What is d(-3)?
1
Let u(s) = -2*s**3 - 4*s**2 + 18*s - 103. What is u(-7)?
261
Let o(b) = 12*b**2 + 20*b + 11. What is o(-3)?
59
Let z(l) = l**2 + 1134*l - 14909. Calculate z(13).
2
Let u(x) = -x**3 - 11*x**2 - 31*x + 27. Determine u(-6).
33
Let c(l) = -16*l**2 - 399*l + 16. Give c(-25).
-9
Let p(o) = -52*o**3 + o**2 + 17*o - 17. Calculate p(1).
-51
Let a(v) = v**2 - 80*v + 640. What is a(8)?
64
Let d(u) = -u**2 - 51*u - 84. What is d(-49)?
14
Let y(u) = 13*u - 599. Determine y(43).
-40
Let b(d) = 6*d - 111. Give b(17).
-9
Let p(f) = -58*f + 1391. Determine p(24).
-1
Let o(x) = -x**3 - 21*x**2 - 114*x - 70. Calculate o(-12).
2
Let l(q) = q**3 - 69*q**2 + 64*q + 271. Calculate l(68).
-1
Let i(o) = 53*o**2 - 5512*o + 18. Give i(104).
18
Let n(a) = -a**3 + 22*a**2 - 510*a + 12264. Give n(23).
5
Let q(m) = -2*m**2 - 23*m + 10. What is q(-16)?
-134
Let s(u) = u**3 + u**2 + u + 198. Calculate s(0).
198
Let v(r) = 2*r**3 + 389*r**2 + 964*r + 786. Give v(-192).
18
Let u(d) = -d**3 - 17*d**2 - 27*d - 51. Give u(-13).
-376
Let n(v) = v**3 - 8*v**2 - 57*v + 437. What is n(9)?
5
Let l(v) = v**3 + 4*v**2 - 13*v. What is l(-5)?
40
Let q(z) = -39*z - 468. What is q(-13)?
39
Let x(o) = 7*o - 106. Give x(-17).
-225
Let j(b) = b**2 + 28*b - 1223. Give j(24).
25
Let l(n) = 6*n**3 - 2*n**2 + 21*n + 57. Calculate l(-2).
-41
Let o(x) = 4673*x - 23405. What is o(5)?
-40
Let b(c) = -6*c**2 + 98*c + 169. What is b(0)?
169
Let i(x) = -8*x**2 - 45*x - 31. Determine i(-5).
-6
Let p(a) = -58*a**3 - a**2 + 2. Give p(-1).
59
Let t(r) = -3*r**3 + 97*r**2 + 162*r + 279. Give t(34).
7
Let s(c) = -791*c - 3965. Give s(-5).
-10
Let i(d) = 240*d + 6797. What is i(-28)?
77
Let g(l) = l**3 + 3*l**2 - 38*l - 146. Calculate g(-4).
-10
Let f(n) = 178*n**2 + 4096*n + 43. Calculate f(-23).
-3
Let q(m) = -8*m**2 - 194*m + 3776. What is q(-37)?
2
Let y(b) = 62*b - 3259. Give y(51).
-97
Let q(d) = 1801*d + 34222. Calculate q(-19).
3
Let d(b) = b**2 + 33*b - 269. What is d(-40)?
11
Let i(y) = y**3 + 48*y**2 - 65*y - 790. Give i(-49).
-6
Let n(c) = -c**2 + 27*c + 26. Give n(28).
-2
Let w(l) = 5*l**3 - 121*l**2 + 26*l - 56. Calculate w(24).
-8
Let b(u) = u**3 - 22*u**2 + 38*u - 1. What is b(20)?
-41
Let s(l) = 3*l**2 - 277*l - 746. Determine s(95).
14
Let g(d) = -22*d**2 + 574*d - 37. Determine g(26).
15
Let c(a) = a**3 + 86*a**2 - 1172*a - 42. Calculate c(12).
6
Let c(m) = 8760*m - 52536. Give c(6).
24
Let w(j) = 511*j - 3716. What is w(7)?
-139
Let w(z) = -15*z**2 - 3*z + 15. What is w(2)?
-51
Let p(f) = -22*f**2 - 99*f + 73. Calculate p(-4).
117
Let h(v) = -122*v + 27090. Give h(222).
6
Let f(a) = a**3 + 83*a**2 + 85*a + 250. Give f(-82).
4
Let f(b) = 2*b**2 - 33*b - 54. Determine f(18).
0
Let u(f) = 28*f - 429. Give u(19).
103
Let k(r) = r**2 - 5*r - 7. What is k(4)?
-11
Let n(b) = -8*b**3 - 412*b**2 + 194*b - 735. Determine n(-52).
-7
Let g(n) = -n**3 - n**2 + 23*n - 4. Give g(-5).
-19
Let g(i) = -460*i**2 - 3681*i - 32. What is g(-8)?
-24
Let g(d) = 20*d**2 + 82*d + 6. Determine g(-4).
-2
Let o(g) = g**2 - 23*g + 122. Calculate o(16).
10
Let i(y) = 23*y**2 + 271*y - 71. Determine i(-12).
-11
Let x(w) = 82*w - 2450. What is x(29)?
-72
Let n(h) = h**3 + 79*h**2 + 157*h + 234. Determine n(-77).
3
Let n(i) = -2*i**3 + 14*i**2 - 5*i - 11. Calculate n(6).
31
Let f(z) = z**2 + z + 32. What is f(6)?
74
Let w(j) = 289*j + 1133. What is w(-4)?
-23
Let m(w) = 44*w**2 - 669*w + 132. Calculate m(15).
-3
Let s(m) = -m**3 - 3*m**2 + 53*m + 93. What is s(-2)?
-17
Let u(w) = -w**3 - 21*w**2 + 52*w + 25. Determine u(-23).
-113
Let m(i) = -7*i**3 - i**2 - i - 23. Determine m(4).
-491
Let a(x) = x**3 + 62*x**2 + 119*x + 26. Calculate a(-60).
86
Let a(k) = 26*k - 207. Determine a(0).
-207
Let w(j) = j**2 + 38*j - 18. Give w(-37).
-55
Let j(c) = -c**2 - 55*c + 122. Calculate j(-55).
122
Let y(p) = -p**3 + 17*p**2 - 65*p - 6. What is y(6)?
0
Let l(c) = -c**2 - 75*c - 919. Give l(-15).
-19
Let n(m) = 35*m + 834. Give n(-22).
64
Let p(f) = 2*f**3 - 6*f**2 + 106*f - 424. Calculate p(4).
32
Let j(w) = 5112*w - 46005. Calculate j(9).
3
Let s(r) = r**2 - 120*r + 1574. Determine s(15).
-1
Let q(a) = -2*a**2 + 98*a + 2573. Give q(-19).
-11
Let l(a) = -a**2 + 58*a - 571. Determine l(46).
-19
Let r(i) = -35*i - 178. Give r(-7).
67
Let y(k) = 9*k**2 - 1125*k - 64. Determine y(125).
-64
Let y(w) = -44*w**2 - 7*w + 12. Calculate y(2).
-178
Let l(n) = 5*n**2 - 405*n - 2161. Give l(-5).
-11
Let s(z) = 37*z**2 + 2003*z + 264. Determine s(-54).
-6
Let f(a) = a**2 - 32*a + 33. Determine f(32).
33
Let v(s) = -s**3 + 4*s**2 - 14*s + 3. Give v(3).
-30
Let a(g) = -62*g + 1137. What is a(18)?
21
Let x(f) = -f**2 - 17*f + 35. Determine x(4).
-49
Let k(w) = 51*w - 1078. Determine k(21).
-7
Let t(g) = 1049*g - 5189. Calculate t(5).
56
Let g(r) = r**3 + 226*r**2 - 12825*r + 1638. Calculate g(-273).
0
Let o(n) = 1026*n + 116971. Determine o(-114).
7
Let d(s) = 41*s + 684. Calculate d(-15).
69
Let i(s) = -s**2 - 32*s - 89. Determine i(-22).
131
Let f(q) = -q**3 + 7*q**2 + 39*q - 220. Calculate f(9).
-31
Let v(t) = 138*t + 2853. Give v(-19).
231
Let c(a) = 221*a + 682. Calculate c(-3).
19
Let a(s) = s**3 - 37*s**2 + 102*s + 37. What is a(34)?
37
Let c(h) = 4419*h + 26517. What is c(-6)?
3
Let v(t) = -1241*t - 54612. Give v(-44).
-8
Let t(n) = -n**3 - 13*n**2 - 50*n - 171. Determine t(-8).
-91
Let y(b) = b**3 + 18*b**2 + 41*b - 8. What is y(-12)?
364
Let f(w) = 13*w**2 - 121*w - 244. Give f(-2).
50
Let j(f) = 3*f**3 - 192*f**2 - 46*f + 2926. Determine j(64).
-18
Let b(y) = 4*y**3 - 1057*y**2 + 263*y + 268. What is b(264)?
4
Let h(o) = 2*o**2 - 4*o - 49. Calculate h(7).
21
Let y(r) = 5*r**2 - 23*r + 38. Determine y(5).
48
Let g(w) = 13348*w + 40043. What is g(-3)?
-1
Let m(i) = -10*i - 117. Determine m(-22).
103
Let j(q) = -2*q**3 - 77*q**2 - 17*q + 784. What is j(-38)?
-14
Let n(z) = 130*z + 228. Calculate n(-2).
-32
Let w(v) = -v**3 + 55*v**2 + 54*v + 99. What is w(56)?
-13